{"id":162,"date":"2024-10-04T10:39:28","date_gmt":"2024-10-04T08:39:28","guid":{"rendered":"https:\/\/lesecrinsdalienor.fr\/?post_type=product&#038;p=162"},"modified":"2025-08-29T19:25:59","modified_gmt":"2025-08-29T17:25:59","slug":"bague-argent-1903","status":"publish","type":"product","link":"https:\/\/lesecrinsdalienor.fr\/index.php\/produit\/bague-argent-1903\/","title":{"rendered":"Bague argent 1903"},"content":{"rendered":"<p><img fetchpriority=\"high\" decoding=\"async\" class=\"alignnone size-medium wp-image-367\" src=\"https:\/\/lesecrinsdalienor.fr\/wp-content\/uploads\/2024\/10\/IMG_8899-200x300.jpg\" alt=\"\" width=\"200\" height=\"300\" srcset=\"https:\/\/lesecrinsdalienor.fr\/wp-content\/uploads\/2024\/10\/IMG_8899-200x300.jpg 200w, https:\/\/lesecrinsdalienor.fr\/wp-content\/uploads\/2024\/10\/IMG_8899-scaled-600x900.jpg 600w, https:\/\/lesecrinsdalienor.fr\/wp-content\/uploads\/2024\/10\/IMG_8899-683x1024.jpg 683w, https:\/\/lesecrinsdalienor.fr\/wp-content\/uploads\/2024\/10\/IMG_8899-768x1152.jpg 768w, https:\/\/lesecrinsdalienor.fr\/wp-content\/uploads\/2024\/10\/IMG_8899-1024x1536.jpg 1024w, https:\/\/lesecrinsdalienor.fr\/wp-content\/uploads\/2024\/10\/IMG_8899-1366x2048.jpg 1366w, https:\/\/lesecrinsdalienor.fr\/wp-content\/uploads\/2024\/10\/IMG_8899-scaled.jpg 1707w\" sizes=\"(max-width: 200px) 100vw, 200px\" \/><img decoding=\"async\" class=\"alignnone size-medium wp-image-164\" src=\"https:\/\/lesecrinsdalienor.fr\/wp-content\/uploads\/2024\/10\/IMG_4120-200x300.jpg\" alt=\"\" width=\"200\" height=\"300\" srcset=\"https:\/\/lesecrinsdalienor.fr\/wp-content\/uploads\/2024\/10\/IMG_4120-200x300.jpg 200w, https:\/\/lesecrinsdalienor.fr\/wp-content\/uploads\/2024\/10\/IMG_4120-scaled-600x900.jpg 600w, https:\/\/lesecrinsdalienor.fr\/wp-content\/uploads\/2024\/10\/IMG_4120-683x1024.jpg 683w, https:\/\/lesecrinsdalienor.fr\/wp-content\/uploads\/2024\/10\/IMG_4120-768x1152.jpg 768w, https:\/\/lesecrinsdalienor.fr\/wp-content\/uploads\/2024\/10\/IMG_4120-1024x1536.jpg 1024w, https:\/\/lesecrinsdalienor.fr\/wp-content\/uploads\/2024\/10\/IMG_4120-1365x2048.jpg 1365w, https:\/\/lesecrinsdalienor.fr\/wp-content\/uploads\/2024\/10\/IMG_4120-scaled.jpg 1707w\" sizes=\"(max-width: 200px) 100vw, 200px\" \/><img decoding=\"async\" class=\"alignnone size-medium wp-image-166\" src=\"https:\/\/lesecrinsdalienor.fr\/wp-content\/uploads\/2024\/10\/IMG_4182-300x200.jpg\" alt=\"\" width=\"300\" height=\"200\" srcset=\"https:\/\/lesecrinsdalienor.fr\/wp-content\/uploads\/2024\/10\/IMG_4182-300x200.jpg 300w, https:\/\/lesecrinsdalienor.fr\/wp-content\/uploads\/2024\/10\/IMG_4182-scaled-600x400.jpg 600w, https:\/\/lesecrinsdalienor.fr\/wp-content\/uploads\/2024\/10\/IMG_4182-1024x683.jpg 1024w, https:\/\/lesecrinsdalienor.fr\/wp-content\/uploads\/2024\/10\/IMG_4182-768x512.jpg 768w, https:\/\/lesecrinsdalienor.fr\/wp-content\/uploads\/2024\/10\/IMG_4182-1536x1024.jpg 1536w, https:\/\/lesecrinsdalienor.fr\/wp-content\/uploads\/2024\/10\/IMG_4182-2048x1365.jpg 2048w\" sizes=\"(max-width: 300px) 100vw, 300px\" \/><img loading=\"lazy\" decoding=\"async\" class=\"alignnone size-medium wp-image-169\" src=\"https:\/\/lesecrinsdalienor.fr\/wp-content\/uploads\/2024\/10\/20230430_154523-225x300.jpg\" alt=\"\" width=\"225\" height=\"300\" srcset=\"https:\/\/lesecrinsdalienor.fr\/wp-content\/uploads\/2024\/10\/20230430_154523-225x300.jpg 225w, https:\/\/lesecrinsdalienor.fr\/wp-content\/uploads\/2024\/10\/20230430_154523-scaled-600x800.jpg 600w, https:\/\/lesecrinsdalienor.fr\/wp-content\/uploads\/2024\/10\/20230430_154523-768x1024.jpg 768w, https:\/\/lesecrinsdalienor.fr\/wp-content\/uploads\/2024\/10\/20230430_154523-1152x1536.jpg 1152w, https:\/\/lesecrinsdalienor.fr\/wp-content\/uploads\/2024\/10\/20230430_154523-1536x2048.jpg 1536w, https:\/\/lesecrinsdalienor.fr\/wp-content\/uploads\/2024\/10\/20230430_154523-scaled.jpg 1920w\" sizes=\"(max-width: 225px) 100vw, 225px\" \/><\/p>\n","protected":false},"excerpt":{"rendered":"<p>Bague chevali\u00e8re ajustable en argent 925 mont\u00e9e d&rsquo;une authentique pi\u00e8ce de monnaie Fran\u00e7aise de 25 centimes type Patey de 1903.<br \/>\nDiam\u00e8tre 25 mm<\/p>\n","protected":false},"featured_media":367,"comment_status":"open","ping_status":"closed","template":"","meta":[],"product_brand":[],"product_cat":[19],"product_tag":[],"class_list":{"0":"post-162","1":"product","2":"type-product","3":"status-publish","4":"has-post-thumbnail","6":"product_cat-bague","8":"first","9":"instock","10":"shipping-taxable","11":"purchasable","12":"product-type-simple"},"jetpack_sharing_enabled":true,"_links":{"self":[{"href":"https:\/\/lesecrinsdalienor.fr\/index.php\/wp-json\/wp\/v2\/product\/162","targetHints":{"allow":["GET"]}}],"collection":[{"href":"https:\/\/lesecrinsdalienor.fr\/index.php\/wp-json\/wp\/v2\/product"}],"about":[{"href":"https:\/\/lesecrinsdalienor.fr\/index.php\/wp-json\/wp\/v2\/types\/product"}],"replies":[{"embeddable":true,"href":"https:\/\/lesecrinsdalienor.fr\/index.php\/wp-json\/wp\/v2\/comments?post=162"}],"wp:featuredmedia":[{"embeddable":true,"href":"https:\/\/lesecrinsdalienor.fr\/index.php\/wp-json\/wp\/v2\/media\/367"}],"wp:attachment":[{"href":"https:\/\/lesecrinsdalienor.fr\/index.php\/wp-json\/wp\/v2\/media?parent=162"}],"wp:term":[{"taxonomy":"product_brand","embeddable":true,"href":"https:\/\/lesecrinsdalienor.fr\/index.php\/wp-json\/wp\/v2\/product_brand?post=162"},{"taxonomy":"product_cat","embeddable":true,"href":"https:\/\/lesecrinsdalienor.fr\/index.php\/wp-json\/wp\/v2\/product_cat?post=162"},{"taxonomy":"product_tag","embeddable":true,"href":"https:\/\/lesecrinsdalienor.fr\/index.php\/wp-json\/wp\/v2\/product_tag?post=162"}],"curies":[{"name":"wp","href":"https:\/\/api.w.org\/{rel}","templated":true}]}}